- 458 + 1901. Is z composite?
True
Suppose -5*o - 892 = -3*r, -r + 4*o + 339 - 44 = 0. Is r prime?
False
Is ((-156)/8)/(3/(-94)) composite?
True
Let c be 3*2 - (-2 + 2). Suppose -6 = -11*f + 269. Suppose 0 = r + 5*g + c, f = -5*g - 0. Is r a composite number?
False
Let h be (-1)/2 - 1062/(-4). Let z = h + -110. Is z a prime number?
False
Suppose -2*q - v + 2520 = 0, 48*q = 45*q + 4*v + 3769. Is q composite?
False
Suppose -8 + 0 = -2*c. Suppose 2*t + 5*j = 721, -2*t + 717 = -3*j + c*j. Suppose 0 = o - 3*o + t. Is o composite?
False
Let g(h) = -6*h - 7. Let o(y) = -y - 3. Let d(c) = 4*c + 10. Let w(x) = 4*d(x) + 11*o(x). Let p(k) = -6*g(k) - 4*w(k). Is p(9) a prime number?
False
Let y = -26 - -18. Let w = y + 11. Suppose w*n - 2*n = 161. Is n a prime number?
False
Let z = 171 + 211. Let u(q) = 16*q**2 - 6*q - 7. Let v be u(5). Suppose -v = -5*n + z. Is n a prime number?
True
Let j = 1 + -4. Let b(o) = 13*o**3 + 19*o**2 + 35*o - 7. Let i(r) = 3*r**3 + 5*r**2 + 8*r - 2. Let y(p) = -2*b(p) + 9*i(p). Is y(j) composite?
True
Is ((-2)/3)/(8/(-110388) - 0) prime?
True
Suppose 822 = 2*r - 2168. Suppose 5*q + 4*c - r = 0, q - 1196 = -3*q - c. Is q prime?
False
Let j = -24 + 23. Is (-265)/10*j*2 a prime number?
True
Let u = 17 - 15. Suppose -b - 3 = -u*x + 4*b, 0 = 2*x - 4*b - 8. Is (x/(-1))/(-2 + 1) composite?
True
Let u(h) = -h**2 + 22*h - 11. Let r be u(13). Let c = 205 - r. Let k = 322 - c. Is k composite?
False
Let y be 4 + 2717 + -2 + 4 - 1. Suppose y = -3*a + 5*a. Is a a prime number?
True
Suppose 783 = 3*f + 459*b - 462*b, -2*b + 4 = 0. Is f composite?
False
Let w(k) = -k**3 + 5*k**2 - 8*k + 27. Suppose 7*v = 29 - 127. Is w(v) a prime number?
True
Let m = 12 - 14. Let k(l) = -162*l**3 - 2*l**2 - 3*l - 2. Let s be k(m). Suppose -4*o - 8 - 8 = 0, -4*z + s = -4*o. Is z prime?
False
Suppose -2*l + 283 = 85. Suppose 0 = -4*p - 93 - l. Is (-172)/(-3) + 16/p a composite number?
True
Let t = 10201 + -2724. Is t prime?
True
Suppose 2*c - 4 = 0, -7*w + 10*w = 2*c + 48017. Is w a prime number?
True
Let v(x) = x + 13. Let m be (2/4)/(14/(-224)). Let j be v(m). Suppose 2*z = 3*c - z - 72, -106 = -j*c - 2*z. Is c a prime number?
False
Let f = -20 + 24. Suppose -a + f*a = 426. Is a a prime number?
False
Suppose -3*u + 10 = p, -4*u = -4*p - 23 - 1. Suppose -5*h + 89 = -2*o - 0*o, -3*h + u*o + 45 = 0. Is h a composite number?
False
Suppose -s = -5*y - 4332, -10*s + 5*y = -6*s - 17313. Is s a composite number?
False
Let v(g) = g**3 - 21*g + 103. Is v(22) prime?
True
Suppose -351 = 6*p - 3*p. Let x = 298 - p. Is x a prime number?
False
Let s be 0 + 271 + 10 + -12. Suppose s = 9*o - 172. Is o a prime number?
False
Suppose -4*u = -17893 - 27879. Is u a composite number?
False
Let a = -44 + -413. Suppose -1254 = -4*f + 1386. Let u = f + a. Is u prime?
False
Suppose -3*w + 3*s - 33150 = -6*w, 3*w + 2*s = 33153. Is w composite?
True
Suppose -2*z - 2*z = -628. Is z a prime number?
True
Let k(y) = y**2 - 17*y - 16. Let j be k(18). Is (5158/8)/(j/8) a composite number?
False
Let b(f) = -f**3 + 18*f**2 - 10. Let q be b(18). Let c(u) = u. Let o(r) = 28*r - 19. Let g(s) = -2*c(s) - o(s). Is g(q) a prime number?
False
Let n(b) = 4*b**3 - 9*b**2 - 10*b - 14. Is n(11) prime?
True
Suppose -2*u - 52 = -0*u. Let w be 0 - 2*(3 + u). Let c = w - 32. Is c prime?
False
Let w(q) = -5 + 4 - 3 - 5 - 11*q. Let j be w(-12). Suppose -25 = 5*l, -4*h - 4*l - l = -j. Is h composite?
False
Let u(d) = 6*d**3 - 3*d**2 - d - 5. Let m(y) = -4*y**3 - 2*y**2 + 3*y**3 + y + y. Let g be m(-3). Is u(g) a composite number?
False
Let q(z) = 102*z**2 + z + 4. Let d be q(3). Suppose d + 548 = 3*k. Is k prime?
True
Is (80/(-24))/(-10) + 202624/6 prime?
False
Suppose 308 = 3*h - 637. Suppose -612 = -5*o + 218. Let t = h - o. Is t composite?
False
Let w be (-6144)/(-10) - 4/10. Let b = 387 - w. Let j = b + 382. Is j a composite number?
True
Let v(p) = -p - 3. Let w be v(-6). Let j(l) = -7*l**2 + 1 - 2*l - l**w + 10*l + l**2. Is j(-8) a composite number?
True
Let p(x) = -x**3 + 10*x**2 - x + 19. Let m(z) = 6*z**3 - 49*z**2 + 5*z - 96. Let c(j) = 2*m(j) + 11*p(j). Is c(-11) composite?
False
Let t(u) = u**3 + 5*u + 2 - 14*u**2 - 11 - 3*u**3. Suppose 3 + 7 = -i. Is t(i) composite?
False
Suppose 2*s - 2894 = -2*c - 0*c, -c + 5*s = -1441. Suppose -3*w - b + c = -2593, b + 5383 = 4*w. Is w a composite number?
True
Let c be ((-9)/(-6))/(2/(-20)). Is -3*205/c*5 composite?
True
Let o(b) = b - 3. Let z be o(17). Suppose z*i = 10*i. Let c(j) = -j**2 - j + 743. Is c(i) prime?
True
Is ((-443065)/(-10))/(-7)*-2 a prime number?
True
Let n = 4960 + -2147. Is n a prime number?
False
Let f(v) = 1193*v**3 + 5*v**2 - 14*v - 3. Is f(2) a prime number?
True
Let d = 40522 + -10589. Is d prime?
False
Let j be (-3 - -2)/((-6)/12). Let x be (-1590)/(-12)*1*j. Let v = 822 - x. Is v prime?
True
Suppose 103279 = 10*l - 178731. Is l a prime number?
True
Let q = -211 + 396. Is q a composite number?
True
Suppose 0 = -2*u + 4 + 380. Suppose 0 = 4*z - 172 - u. Suppose -2*j = 3*p - 162, p + z = j - 0*p. Is j a composite number?
True
Let w(c) = 29716*c**3 + c**2 - 12*c + 12. Is w(1) a composite number?
False
Let i = -78 + 89. Suppose -i*o + 5575 = -6*o. Is o a composite number?
True
Let a(y) = -y - 31740. Let m be a(0). Is 6/(-14) - m/21 composite?
False
Is ((-90)/225)/(4/(-7130)) prime?
False
Let f = 2167 - 658. Let j = -111 - -117. Is j/(-12) - f/(-6) a composite number?
False
Suppose -g = -4*y - 12149, 12149 = -g + 2*g - 3*y. Is g a composite number?
False
Suppose 2*c - 4 = -0*c. Suppose -n + 25 = -c*n. Let x = 30 - n. Is x a composite number?
True
Suppose 5*g - 32 = 3. Let v(z) = 8 - z**3 + g*z**2 + 0*z**3 - 2*z + 0*z**3 - 2. Is v(4) a prime number?
False
Let m(i) = -20*i**3 + 9*i**2 + 32*i - 34. Is m(-15) a prime number?
True
Suppose -5*m + 2*c = 4*c - 32289, 4*m - 3*c - 25822 = 0. Is m prime?
False
Let m be (8/10)/((-8)/(-160)). Let i be 1 + 2 - m - 1. Let z = 73 + i. Is z a prime number?
True
Suppose 4*s = h + 2*h + 15, -4*s - 5 = h. Suppose 2*c + n - 1756 = 3*n, 5*n + 5 = s. Is c prime?
True
Suppose 11*d - 8*d = 9. Suppose 5*c - 265 = -2*m - 3*m, d*c - 167 = m. Is c composite?
True
Suppose 4 = i + 2, -5*a - 26 = -3*i. Is a/(-1 - 4/(-2)) - -555 prime?
False
Let j(k) = 51*k - 1. Let b be j(1). Suppose 2*i = b + 146. Let w = 187 - i. Is w composite?
False
Suppose 5*i = z - 33, 0 = -z + 2*z + 2*i + 2. Suppose 3*t - z*t + 215 = 0. Is t a prime number?
True
Suppose -13*u = -210863 + 46166. Suppose 3*k = -3, 4*t - 4*k = -t + u. Is t prime?
False
Let z = 37461 + -25310. Is z a prime number?
False
Let z = -120 - -849. Suppose 4 = 2*i - 4. Suppose 2*f = r - 427, i*r - 4*f = 979 + z. Is r prime?
False
Is 1/6 - (-3261083)/618 a composite number?
True
Suppose -u + 4*w = w - 1, -4 = -4*u - 3*w. Let g = 2 + u. Suppose -1645 = g*b - 8*b. Is b a composite number?
True
Let t(z) = z**3 + 4*z**2 - 2*z + 7. Let g be t(-4). Suppose 4*n = 2*p + 2320, 0 = -3*p + 6 - 0. Suppose q - 4 = 0, -2*w + n - g = -2*q. Is w prime?
False
Is 4 + (-18)/2 - -926 prime?
False
Suppose 9*x + 7446 = 12*x. Let l = -1433 + x. Is l a composite number?
False
Suppose 0*j + 2*j - 16 = 0. Let q(u) be the first derivative of u**3 - u - 2. Is q(j) a prime number?
True
Let s(a) = a**3 - 3*a**2 + 5*a + 1. Let l be 8/6*(-18)/(-4). Is s(l) a prime number?
True
Suppose -5*m + 50157 = -3*x, -2*m - 6006 = 4*x - 26048. Is m a prime number?
False
Let g(b) = -165*b + 2. Let a = -24 + 21. Is g(a) prime?
False
Let b(c) = -60*c - 17. Let a be b(5). Let o = -171 - a. Is o composite?
True
Let s be 0 - (-3)/6*-10. Let c = s + 9. Suppose -3*n - 183 = -c*d + d, -2*d + 3*n = -118. Is d composite?
True
Suppose -5919 = -4*j + 28*n - 33*n, 0 = -4*n - 4. Is j composite?
False
Let q(k) = -869*k + 383. Is q(-36) composite?
False
Let a = 957 + -416. Is a composite?
False
Suppose -5*j + 135 = 4*q, -5*q + 4*j = -0*j - 179. Is (-7)/q - (-3558)/15 composite?
True
Let z = 66012 + -32275. Is z prime?
False
Let g(k) be the second derivative of -k**5/20 - 5*k**4/12 + k**3 + 17*k**2/2 - 16*k. Is g(-11) a composite number?
False
Is 1 + 3 - -3 - (-23 + -5977) composite?
False
Is (2*4/(-24))/((-1)/196887) prime?
True
Let t = 31 + -23. Let l = 11 - t. Is l + 29 - 4/4 prime?
True
Suppose -2*d + 244 = i, -d + 4*i - 613 = -6*d.